{"version":"1.0","provider_name":"Prefeitura Municipal de Guarar\u00e1 - MG","provider_url":"https:\/\/www.guarara.mg.gov.br\/wp","author_name":"Prefeitura Municipal de Guarar\u00e1","author_url":"https:\/\/www.guarara.mg.gov.br\/wp\/author\/guarara\/","title":"Funcionamento da Cantina - Prefeitura Municipal de Guarar\u00e1 - MG","type":"rich","width":600,"height":338,"html":"<blockquote class=\"wp-embedded-content\" data-secret=\"Wqm8tTIXVg\"><a href=\"https:\/\/www.guarara.mg.gov.br\/wp\/funcionamento-de-cantina\/\">Funcionamento da Cantina<\/a><\/blockquote><iframe sandbox=\"allow-scripts\" security=\"restricted\" src=\"https:\/\/www.guarara.mg.gov.br\/wp\/funcionamento-de-cantina\/embed\/#?secret=Wqm8tTIXVg\" width=\"600\" height=\"338\" title=\"&#8220;Funcionamento da Cantina&#8221; &#8212; Prefeitura Municipal de Guarar\u00e1 - MG\" data-secret=\"Wqm8tTIXVg\" frameborder=\"0\" marginwidth=\"0\" marginheight=\"0\" scrolling=\"no\" class=\"wp-embedded-content\"><\/iframe><script>\n\/*! This file is auto-generated *\/\n!function(d,l){\"use strict\";l.querySelector&&d.addEventListener&&\"undefined\"!=typeof URL&&(d.wp=d.wp||{},d.wp.receiveEmbedMessage||(d.wp.receiveEmbedMessage=function(e){var t=e.data;if((t||t.secret||t.message||t.value)&&!\/[^a-zA-Z0-9]\/.test(t.secret)){for(var s,r,n,a=l.querySelectorAll('iframe[data-secret=\"'+t.secret+'\"]'),o=l.querySelectorAll('blockquote[data-secret=\"'+t.secret+'\"]'),c=new RegExp(\"^https?:$\",\"i\"),i=0;i<o.length;i++)o[i].style.display=\"none\";for(i=0;i<a.length;i++)s=a[i],e.source===s.contentWindow&&(s.removeAttribute(\"style\"),\"height\"===t.message?(1e3<(r=parseInt(t.value,10))?r=1e3:~~r<200&&(r=200),s.height=r):\"link\"===t.message&&(r=new URL(s.getAttribute(\"src\")),n=new URL(t.value),c.test(n.protocol))&&n.host===r.host&&l.activeElement===s&&(d.top.location.href=t.value))}},d.addEventListener(\"message\",d.wp.receiveEmbedMessage,!1),l.addEventListener(\"DOMContentLoaded\",function(){for(var e,t,s=l.querySelectorAll(\"iframe.wp-embedded-content\"),r=0;r<s.length;r++)(t=(e=s[r]).getAttribute(\"data-secret\"))||(t=Math.random().toString(36).substring(2,12),e.src+=\"#?secret=\"+t,e.setAttribute(\"data-secret\",t)),e.contentWindow.postMessage({message:\"ready\",secret:t},\"*\")},!1)))}(window,document);\n\/\/# sourceURL=https:\/\/www.guarara.mg.gov.br\/wp\/wp-includes\/js\/wp-embed.min.js\n<\/script>\n","description":"Guarar\u00e1, 13 de junho de 2013 Sra(s) Secret\u00e1ria de Educa\u00e7\u00e3o e \u00a0Diretoras das Escolas Municipais de Guarar\u00e1, \u00a0 \u00a0 \u00a0 \u00a0 \u00a0 \u00a0 \u00a0 \u00a0 \u00a0 \u00a0\u00a0A Alimenta\u00e7\u00e3o Saud\u00e1vel \u00e9 um direito universal garantido por lei, onde todo indiv\u00edduo tem direito ao acesso \u00e0\u00a0 alimentos com qualidade nutricional e higi\u00eanica. A partir dos anos 1950 [&hellip;]"}

Prefeitura Municipal de Guarará - MG

Prefeitura Municipal de Guarará

Funcionamento da Cantina - Prefeitura Municipal de Guarará - MG

<blockquote class="wp-embedded-content" data-secret="Wqm8tTIXVg"><a href="https://www.guarara.mg.gov.br/wp/funcionamento-de-cantina/">Funcionamento da Cantina</a></blockquote><iframe sandbox="allow-scripts" security="restricted" src="https://www.guarara.mg.gov.br/wp/funcionamento-de-cantina/embed/#?secret=Wqm8tTIXVg" width="600" height="338" title="&#8220;Funcionamento da Cantina&#8221; &#8212; Prefeitura Municipal de Guarará - MG" data-secret="Wqm8tTIXVg" frameborder="0" marginwidth="0" marginheight="0" scrolling="no" class="wp-embedded-content"></iframe><script>
/*! This file is auto-generated */
!function(d,l){"use strict";l.querySelector&&d.addEventListener&&"undefined"!=typeof URL&&(d.wp=d.wp||{},d.wp.receiveEmbedMessage||(d.wp.receiveEmbedMessage=function(e){var t=e.data;if((t||t.secret||t.message||t.value)&&!/[^a-zA-Z0-9]/.test(t.secret)){for(var s,r,n,a=l.querySelectorAll('iframe[data-secret="'+t.secret+'"]'),o=l.querySelectorAll('blockquote[data-secret="'+t.secret+'"]'),c=new RegExp("^https?:$","i"),i=0;i<o.length;i++)o[i].style.display="none";for(i=0;i<a.length;i++)s=a[i],e.source===s.contentWindow&&(s.removeAttribute("style"),"height"===t.message?(1e3<(r=parseInt(t.value,10))?r=1e3:~~r<200&&(r=200),s.height=r):"link"===t.message&&(r=new URL(s.getAttribute("src")),n=new URL(t.value),c.test(n.protocol))&&n.host===r.host&&l.activeElement===s&&(d.top.location.href=t.value))}},d.addEventListener("message",d.wp.receiveEmbedMessage,!1),l.addEventListener("DOMContentLoaded",function(){for(var e,t,s=l.querySelectorAll("iframe.wp-embedded-content"),r=0;r<s.length;r++)(t=(e=s[r]).getAttribute("data-secret"))||(t=Math.random().toString(36).substring(2,12),e.src+="#?secret="+t,e.setAttribute("data-secret",t)),e.contentWindow.postMessage({message:"ready",secret:t},"*")},!1)))}(window,document);
//# sourceURL=https://www.guarara.mg.gov.br/wp/wp-includes/js/wp-embed.min.js
</script>

Guarará, 13 de junho de 2013 Sra(s) Secretária de Educação e  Diretoras das Escolas Municipais de Guarará,                     A Alimentação Saudável é um direito universal garantido por lei, onde todo indivíduo tem direito ao acesso à  alimentos com qualidade nutricional e higiênica. A partir dos anos 1950 [&hellip;]
